Let m(y) = -y**2 + 24. Suppose 7*w = 4*w + 4*x + 20, 4*x = -4*w - 20. Let n be m(w). What is the highest common factor of 3 and n?
3
Let i(g) = -g + 8. Let t be i(6). Let m = -53 + 97. Suppose u + u = m. Calculate the greatest common divisor of u and t.
2
Let k(q) = 2*q - 4. Let v be k(4). Suppose -5*w = -v*w - 10. Calculate the highest common divisor of w and 25.
5
Suppose 1 = -2*g + 3. Suppose -3*a = -5*j + 165, -44 - 88 = -4*j + a. Let x be j/(-2)*(-20)/30. What is the greatest common divisor of x and g?
1
Suppose 46 = 5*l - 114. Suppose 6*g - 2*g + l = 0. Let m be ((-4)/g)/((-1)/(-12)). Calculate the greatest common divisor of 9 and m.
3
Suppose 4*q = 5 - 1. Suppose -192 = -6*a + 2*a. Let d be ((-9)/(-12))/(q/a). Calculate the greatest common divisor of 18 and d.
18
Suppose 0 = -123*t + 120*t + 216. Calculate the highest common factor of t and 16.
8
Suppose 4*c - c - 18 = 0. Calculate the highest common divisor of 2 and c.
2
Suppose 3*k - 21 = d - 2, -12 = 3*d. Suppose -5 = -k*v - 0*v. Let z(b) = b**3 + b**2 + 11. Let h be z(0). What is the highest common divisor of h and v?
1
Let h(m) = m + 11. Let v be h(-3). Calculate the highest common divisor of 32 and v.
8
Let s(t) = 4*t - 4 + 6 + 8 + 4. Let k be s(13). Calculate the greatest common divisor of 6 and k.
6
Let u(h) = -h**3 - h**2 - h + 50. Let v be u(0). Let m be ((-12)/(-9))/(2/15). Suppose -4*i - m = -v. Calculate the highest common factor of i and 15.
5
Let l(p) = p - 4. Let t be l(6). Suppose -t*i = -3 - 11. What is the highest common factor of 56 and i?
7
Suppose 0 = 2*i - 372 - 24. What is the greatest common factor of i and 18?
18
Let r be (1 - 2) + (-1 - -19). Let p = -46 + r. Let u = p - -128. What is the highest common divisor of 11 and u?
11
Suppose 195 = 4*b + d - 729, 0 = 2*d. Suppose -f - 3*f = 12, -93 = -5*r - 4*f. Calculate the highest common factor of b and r.
21
Let l = 134 + 97. What is the highest common factor of 21 and l?
21
Let v be (-10)/45 + 50/(-18). Suppose 30 + 34 = 4*a. Let s = a + v. Calculate the highest common divisor of 13 and s.
13
Suppose -4*y + 80 = -4. Let m = y - 11. Calculate the greatest common factor of m and 70.
10
Let a = 25 - 19. What is the greatest common divisor of a and 24?
6
Suppose -124 = -4*z - 5*c + 121, z = -3*c + 70. Calculate the highest common divisor of z and 22.
11
Suppose 9*x = 4*x - 225. Let y be (6/5)/((-6)/x). Let c be 83/y + 2/(-9). Calculate the greatest common factor of c and 9.
9
Let k be 6 + 1 + (-3 - -1). Let a(y) = 2*y**2 + 2*y + 1. Suppose -6 + 8 = -2*t. Let g be a(t). What is the greatest common factor of g and k?
1
Let w be -4*(-11)/(-4)*1. Let t = 119 + w. What is the greatest common divisor of 12 and t?
12
Let u(q) = -q - 7. Let w be u(-6). Suppose 3*t = 8 + 22. Let s = t - w. Calculate the highest common factor of 44 and s.
11
Let i be -1 + -1 - 1*-6. Let j be (-52)/14 + (-4)/14. Let x be (1*-1)/(j/8). Calculate the highest common factor of i and x.
2
Suppose 3*t - 140 = -5*j + 73, -j - t + 43 = 0. Calculate the greatest common divisor of j and 378.
42
Let p = 6 + 12. Let t(u) = u**3 - 8*u**2 + 7*u - 11. Let z = 8 + 0. Let s be t(z). Calculate the highest common divisor of s and p.
9
Suppose -y = -0*y - 110. Calculate the highest common factor of y and 10.
10
Let s(m) = -m**2 + 10*m + 11. Let k be s(9). Suppose 5*y = k, -2*n + n = y - 9. Calculate the greatest common divisor of 5 and n.
5
Suppose -4*l = -l - 3*n - 15, 0 = 3*l - n - 19. What is the greatest common factor of 63 and l?
7
Let s(c) be the second derivative of -c**3/6 + 5*c**2 + 2*c. Let i be s(8). Let n be 16/(-10)*1*-5. What is the greatest common factor of i and n?
2
Let o(q) = 3*q - 1. Let u be o(1). Suppose -9 = -l + u*l. Let i be (-33)/(-3 - l/6). Calculate the greatest common factor of 55 and i.
11
Let u(v) = 6*v + 60. Let c be u(4). Calculate the highest common factor of 24 and c.
12
Let x(v) = -2*v + 15. Let a be x(-6). What is the highest common factor of 9 and a?
9
Let h(n) = n**2 - 6*n + 2. Let s be 2/(-5) + (-222)/(-30). Let t be h(s). Calculate the highest common divisor of t and 99.
9
Let d(a) = a**2 - 2*a - 2. Let y be d(3). Let p be (-379)/(-4) - y/(-4). Let n = 24 + p. Calculate the highest common divisor of n and 17.
17
Suppose 3*k = 24*k - 252. Let z(v) = v**2 + 60. Let u be z(0). Calculate the greatest common divisor of u and k.
12
Suppose 0 = -3*p + 386 - 56. What is the greatest common divisor of p and 10?
10
Suppose 3*r - 3*i - 111 = 0, r - 4*i - 33 = -11. Calculate the highest common divisor of r and 28.
14
Suppose -4*m - 17 - 27 = -2*h, m - h = -11. Let w = 15 + 4. Let l = m + w. Calculate the greatest common factor of 1 and l.
1
Let s = -10 + 35. Calculate the highest common factor of 5 and s.
5
Let f = -108 + 61. Let a = -26 - f. What is the greatest common factor of a and 21?
21
Let r = -11 - -1. Let y = r - -15. Suppose -y*l = 91 - 791. What is the highest common factor of l and 14?
14
Let w be (-28)/(-10) - 2/(-10). Suppose w*j - 5 = 2*j. Let k be (1*j*-6)/(-2). Calculate the highest common divisor of k and 135.
15
Let l(o) = o + 30. Let q be l(-10). Calculate the greatest common factor of 160 and q.
20
Let y(i) = -i**3 + 5*i**2 + i + 3. Let q(g) = -2*g - 5. Let p be q(-5). Let t be y(p). Let b be -2 + 0 + 7*6. What is the greatest common factor of t and b?
8
Let g = -145 - -385. Let w be 28 + (-22)/(-55)*(1 + 4). What is the highest common factor of g and w?
30
Let w(u) = 0 + 0 + 1 + 20*u**2. Let n be w(1). Suppose -d = v - 227, 3*v = -6*d + d + 673. Calculate the greatest common divisor of n and v.
21
Let b be 12/5*(-35)/(-14). Calculate the greatest common factor of 66 and b.
6
Let v = -53 + 23. Let p = v + 50. Let y(o) = -160*o**3 - o**2 - 2*o - 1. Let r be y(-1). Calculate the highest common divisor of r and p.
20
Suppose 4 = 11*c - 7*c. Suppose -5*v + 21 = c. What is the greatest common divisor of v and 4?
4
Let v be 1*(-1)/(-3)*0. Let a be 3 + v - (5 + -6). Suppose 0 = 4*o + a*p - 36, 6*o - o + p = 49. Calculate the greatest common factor of 30 and o.
10
Let g(o) = -o**3 - 5*o**2 + 4*o - 1. Let q be g(-6). Suppose -20 - 2 = -2*j. What is the highest common factor of j and q?
11
Let k be ((-2)/(-4))/(2/24). Let s be 3/k*2 + 1. Let j be -3*s/(-1) + 2. What is the greatest common divisor of 64 and j?
8
Let a = -169 + 286. What is the greatest common factor of 26 and a?
13
Suppose w - 57 = 4*w. Let h = 1 - w. Calculate the highest common divisor of 50 and h.
10
Suppose 0 = -8*b + 117 + 611. Let g = 15 - 2. Calculate the greatest common divisor of g and b.
13
Let i(j) = -j**2 + 0 - 5*j + 2 - 2 - 6. Let d be i(-5). Let n be d/(-6)*9/1. What is the highest common divisor of n and 63?
9
Suppose 2*y - 4*m - 24 = 0, 2*y - 5*m = -3*y + 80. What is the greatest common divisor of y and 40?
20
Suppose -c + 3*m + 47 = 0, -c + 3*m = -4*c + 201. Let b be (-12)/6 - (0 - c). What is the highest common factor of b and 12?
12
Let t(j) = j**2 + 6*j + 5. Let l be t(-8). Calculate the highest common divisor of l and 105.
21
Suppose -5*v = 2*h - 2, 0*v - 3*v = 5*h + 14. What is the highest common factor of v and 6?
2
Let r be (-382)/(-14) + (-4)/14. Let y(b) = b**3 - 5*b**2 + 2*b - 2. Let c be y(5). Suppose 0 = -2*u + c - 2. What is the greatest common factor of u and r?
3
Suppose 2*h - 472 = 4*q, -2*q = -0*q - 4*h + 230. Let b = q - -240. Let j(p) = -5*p - 4. Let r be j(-3). What is the greatest common divisor of b and r?
11
Suppose 3*r - 270 = -2*r. What is the highest common factor of 81 and r?
27
Let j(v) = v**2 + 7*v + 7. Let q be j(-6). Let z(o) = -2*o**3 - o**2 + 2*o + 3. Let i be z(-2). Calculate the greatest common divisor of i and q.
1
Let l be 4/(-30) + (-16216)/(-120). Calculate the greatest common factor of l and 54.
27
Let h be (-3)/(-6) + (-174)/(-4). What is the highest common divisor of 11 and h?
11
Suppose 5*z = 77 + 3. What is the highest common divisor of z and 64?
16
Let x(h) = -4*h**3 - h**2 + 15*h + 10. Let t be x(-4). What is the highest common factor of t and 10?
10
Let o be (-1062)/(-24) + (6/8 - 1). What is the highest common divisor of o and 66?
22
Suppose 3*z = 38 + 13. Suppose -5*a = -w - 424, -4*a - 5*w + 376 = 31. What is the highest common factor of a and z?
17
Suppose -2*u - 3 = -3*u. Suppose 0*o + u